2)/6). Suppose 2*d = -j + 129. What is the remainder when d is divided by 17?
15
Suppose -5*h - 10 = -5*i, 0 = -27*h + 25*h + 5*i - 22. Calculate the remainder when -3*4/(-6)*7 is divided by h.
2
Suppose -t - 255 + 378 = 0. Calculate the remainder when 258 is divided by t.
12
Let r be -3*1 + (-8)/(8/(-9)). Suppose -197 = -2*s - 3*t, 2*s + r*t = 2*t + 196. What is the remainder when s is divided by 34?
32
Let o(u) = 3*u + 11. Suppose -3*t + 2*d + 8 = -11, -4*d + 2 = 2*t. Suppose -8*l + 39 = -t*l. Calculate the remainder when o(9) is divided by l.
12
Let y(n) = -n**3 - 6*n**2 + 6*n - 5. Suppose 0 = -4*g + 2*g + 4. Suppose 0 = t + 1 - g. Calculate the remainder when y(-7) is divided by t.
0
Let z(b) = -7*b - 138. Let q = -30 - -51. Calculate the remainder when z(-28) is divided by q.
16
Let k(t) = t**2 + 29*t - 148. What is the remainder when 739 is divided by k(-34)?
13
Suppose 362 = y + 3*y + 2*g, -g - 1 = 0. Let o = y - 32. Calculate the remainder when o is divided by 10.
9
Suppose -4 = 4*t, 3*a + 0*a - 5*t - 80 = 0. Let o be ((-60)/a)/((-6)/(-40)). What is the remainder when 0 + 5 - o/8 is divided by 5?
2
Let k = 347 - 117. Calculate the remainder when 25 is divided by (-18)/(-81) + k/18.
12
Let z = 126 - 121. Suppose -5*t + 24 = -86. Let n = t - z. Calculate the remainder when n is divided by 6.
5
Let r = 46 + -67. Let a = -23 - r. What is the remainder when (-3)/a - (-1573)/22 is divided by 38?
35
Let t(z) = 15*z - 2. Let n be t(-2). Let u be 1/(n/(-10) - 3). Let b = u - 0. What is the remainder when b is divided by 3?
2
Suppose -6*k + 347 = -1057. Calculate the remainder when k is divided by 114.
6
Let v(u) = -5*u - 13*u + u - 11 + u**2 + 0*u**2. What is the remainder when v(18) is divided by 4?
3
Suppose 5*k - 50 = -0*k. Let r = -253 - -142. What is the remainder when 5/10 - r/6 is divided by k?
9
What is the remainder when 702/1170 + (372/5 - 0) is divided by 41?
34
Let k be -3 - (-128)/(-4)*-1. Suppose o + 5*v = k, 73 = 4*o - 2*o - 5*v. Calculate the remainder when o is divided by 9.
7
Let t be 9/(0 + 1 + 0). Suppose t*g - 9 = 6*g. Calculate the remainder when 4 is divided by g.
1
Suppose -2*s - 4*l + 120 = 0, -s = -l - 52 - 8. Suppose -g = 4*g - s. Suppose 7*u = 9*u - g. What is the remainder when 17 is divided by u?
5
Suppose 3*p + 3*t = 24, -4*p + 3*t + 8 = t. Suppose 4*r = 18 - 2. Calculate the remainder when p*(-5)/40*-14 is divided by r.
3
Suppose 4*h + h = -4*t + 40, -5*t = h + 13. Suppose -h*r + 9*r + 15 = 0. Let k(w) = -w**3 + 5*w**2 - w - 3. Calculate the remainder when k(3) is divided by r.
2
Suppose 3*o = 8 + 10. Calculate the remainder when (-3)/((-3)/2) + 15 is divided by (3 - o/4)*4.
5
Let v(c) = -9*c + 8. Let r = -21 + 3. Calculate the remainder when v(r) is divided by 43.
41
Let m = -38 + 55. Suppose 3*z - 16 = m. Calculate the remainder when z is divided by 3.
2
Suppose 0 = 2*b - b + 4*i + 18, -2*b - 5*i = 24. What is the remainder when 31 is divided by 38/5 + (16/(-10) - b)?
7
Suppose -2*b = 12*b - 266. Let h = 23 - b. What is the remainder when 33 is divided by h?
1
Let t = 292 - 266. What is the remainder when 99 is divided by t?
21
Suppose 21*z = 12893 + 19762. Calculate the remainder when z is divided by 82.
79
Suppose -m = -0*m - 33. Let q = -58 - -76. Calculate the remainder when m is divided by q.
15
Suppose w + 47 = 3*u - 81, 3*u + 5*w = 152. Calculate the remainder when 143 is divided by u.
11
Suppose -21*z + 1821 = -2148. Calculate the remainder when z is divided by 22.
13
Calculate the remainder when 1482 is divided by (12 + -7 - 2)/((-12)/(-56)).
12
Suppose -7*d = -10*d + 12. Let n be 1/d - 45/(-12). Suppose 0 = 3*i + n*j - 62, 3*i - 24 = 4*j - 2. Calculate the remainder when 54 is divided by i.
12
Suppose -2*v - 48 = 2*v. Let n = 1 - v. Suppose -2*l + n = 3. What is the remainder when 18 is divided by l?
3
Let s = 787 - -3. What is the remainder when s is divided by 72?
70
Let o(x) = 9*x**2 - 2*x - 3. Let n be o(-3). Suppose 5*w - 51 = n. What is the remainder when w is divided by 8?
3
Suppose -3*s - 74 = -5*s. Suppose -1 = -l + 1. Suppose 3*c = 2*b - 5*b + 33, -l*b + 3*c = -s. What is the remainder when 41 is divided by b?
13
Let w = -40 - -43. Suppose 0*s - 33 = -w*s. What is the remainder when 2/6 + 336/18 is divided by s?
8
Let s(g) = -25*g**2 - 7*g + 3. Let b(w) = 24*w**2 + 6*w - 2. Let a(h) = 4*b(h) + 3*s(h). What is the remainder when a(-2) is divided by 98/5 - 4/(-10)?
19
Suppose s - 5 = 0, -l - 4*s + 14 + 9 = 0. Suppose 0 = -b + 2, 4*b = -5*y - 0*b + 53. What is the remainder when y is divided by l?
0
Let h(l) = l**2 - 17*l + 86. What is the remainder when 36 is divided by h(13)?
2
Let q(h) = 97*h**3 - h**2 - 3*h + 3. What is the remainder when q(1) is divided by 52?
44
Let p(z) be the third derivative of 5*z**4/24 - 55*z**3/6 + 24*z**2. Let i(d) = -16*d - 8. What is the remainder when i(-6) is divided by p(17)?
28
Suppose 91 = -q + 2*q - 2*p, -2*p + 414 = 4*q. Let r = -51 + 96. Let n = r + -19. What is the remainder when q is divided by n?
23
Suppose -3*s - 106 = -2*p, -p + 43 = -0*p - 4*s. Suppose 8*j + p = -45. Let a = j - -41. What is the remainder when 54 is divided by a?
26
Let y(l) = 3*l**3 - 2*l**2 + 21*l. Calculate the remainder when y(4) is divided by 125.
119
Suppose 34*d - 8559 = -1521. Calculate the remainder when d is divided by 26.
25
Let x = 48 - -21. Suppose 3*q - 5*q + 70 = 0. What is the remainder when x is divided by q?
34
Let x(s) = -5*s - 198. What is the remainder when 81 is divided by x(-42)?
9
Let x be ((-2)/(-1))/(10/(-15)). Let h = x - -47. Let f = h - 38. Calculate the remainder when 23 is divided by f.
5
Suppose -3*x + x + 36 = 0. Calculate the remainder when -62*1/(-4) + x/12 is divided by 11.
6
Let r = 32 + -29. Let w = -9 + r. Calculate the remainder when 22 is divided by (-80)/w + 4/(-12).
9
Suppose l = -2 + 7. Suppose -2*y - l*t - 17 = 0, 2*t + 9 = -1. Calculate the remainder when 177/12 - 1/(-4) is divided by y.
3
Let q(s) = 2*s**3 - 2*s**2 - 2*s + 2. Let i be q(-2). Calculate the remainder when (145/(-15))/((-33)/i + -2) is divided by 186/9 + (-2)/3.
18
Suppose -18*z + 13*z + 627 = -2*f, -3*f + 497 = 4*z. Calculate the remainder when z is divided by 42.
41
Let j(n) = -6 - n + n**2 + 5*n + 20 + 0*n. Let d be j(-6). Suppose 9 = 5*i - d. Calculate the remainder when i is divided by 3.
1
Let z(y) = -y + 8. Let o be z(6). Let r(c) = 7*c + 1. Let v = 1 + 57. Calculate the remainder when v is divided by r(o).
13
Let r(d) = d**3 - 15*d**2 - 11*d - 42. Calculate the remainder when r(17) is divided by 32.
29
Let z = -598 + 669. Calculate the remainder when 220 is divided by z.
7
Suppose 0*i = -2*i - 28. Suppose -4*l - 5*l = -261. Let j = i + l. Calculate the remainder when 28 is divided by j.
13
Let s(z) = -423*z - 33. Calculate the remainder when s(-1) is divided by 17.
16
Let r = -442 - -453. Let d be (-2 + 0)/4*0. Suppose 3*p - 88 = -2*k, -16 = -d*k + 4*k. What is the remainder when p is divided by r?
10
Let t(o) = -o**3 + 13*o**2 + 18*o + 10. Let l be t(14). Let g = -33 + l. Calculate the remainder when 163 is divided by g.
31
Let l = -31 + 45. Suppose -2*q = 2*w - 3*q + 5, -5*w - 19 = 4*q. Calculate the remainder when 1/(w + (-118)/(-39)) is divided by l.
11
Let w = -1123 - -1127. Calculate the remainder when 11 is divided by w.
3
Let z(b) = -b**2 + 6. Let m be z(0). Let h be m + (-3)/((-3)/(-1)). Suppose -24 = -h*f + 2*f. Calculate the remainder when 15 is divided by f.
7
Suppose 3*d = -2*w + 48, -37*d - 5*w - 27 = -40*d. Calculate the remainder when d is divided by 6.
2
Let s(o) be the third derivative of o**6/120 - o**5/10 + o**4/6 - o**3 - 9*o**2. What is the remainder when 51 is divided by s(6)?
15
Let w(f) = 17*f**3 + 3*f**2 + 27*f - 81. Calculate the remainder when w(3) is divided by 128.
102
Suppose -3*f - f + 30 = 2*u, 3 = -3*f. Let x = 68 + 52. Suppose -81 - x = -3*q. Calculate the remainder when q is divided by u.
16
Suppose 353 = 5*h - 4*a, -4*h - 5*a + 161 = -2*h. Suppose -77*n + 76 = -h*n. What is the remainder when n is divided by 6?
1
Suppose -16 = -4*n - 0*n. What is the remainder when -2 + n/(-2) + (-23)/(-1) is divided by 10?
9
Suppose -4*b = -2*n - 8, 7 = -2*b + 5*n + 3. Suppose b*r + 2*r = 440. What is the remainder when r is divided by 15?